x. What is j(u)?
2
Let k(c) = -2*c - 5. Suppose 7*w - 9 = -58. Determine k(w).
9
Let n(c) = -c**2 + 7*c + 2. Let z = -15 + 22. What is n(z)?
2
Let x(c) = c**3 - 2*c - 2. Suppose b = -2 + 6. Suppose -b*m = 3*s - 6, s - 5*m = -s - 19. Let a be (-1 - (-1 - 0)) + s. What is x(a)?
-6
Let y(z) = -2*z + 9. Let d be y(8). Let v(q) = -q**2 - 6*q. What is v(d)?
-7
Let t(v) = 2*v**2 - 4. Let u be t(2). Let h(k) = -k + 2. What is h(u)?
-2
Let m = 5 - 7. Let l = -10 + 10. Let a(r) = 1 - 2 + l + 3*r**2 + r - 1. Give a(m).
8
Let j(o) be the second derivative of -o**4/12 - 7*o**3/6 - 3*o**2 + 244*o. Let p be (10/(-6))/((-1)/(-3)). What is j(p)?
4
Suppose -4*r - 12 = -3*q, 3*r + 25 = 5*q + 5. Let j(a) = -2*a - a + 2*a + q. What is j(7)?
-3
Let m(p) = p**2 - 4*p + 3. Let i = 1 + 6. Suppose -3*t + i*g - 40 = 2*g, 2*g - 14 = t. Let f = -6 - t. Calculate m(f).
3
Let q(l) = -l**2 - l + 4. Let z be q(0). Let c(t) = -z*t + 3*t + 2*t - 3. Let x = 41 - 37. Calculate c(x).
1
Let n(u) = u**2. Let c(m) = -m**2 - m. Let d(w) = -4*c(w) - 5*n(w). Give d(4).
0
Let v(a) = a**2 + 3*a - 1. Let u = -1 - -15. Suppose 4*m + 4*n + u = n, 4*m - n = -6. Determine v(m).
-3
Let l(c) = 4*c - 2. Let m(z) = 2 + 0*z + z - 2. Let b(j) = -l(j) + 3*m(j). Determine b(2).
0
Let s(x) be the third derivative of -x**6/120 - x**5/15 - x**4/8 - x**3/3 + 9*x**2. What is s(-4)?
10
Let p(l) = -5*l**2 - 4*l - 7. Let o(h) = 4*h**2 + 4*h + 6. Let t(w) = 4*o(w) + 3*p(w). Let i be 26/(-8) - (-6)/(-8). Calculate t(i).
3
Let v(k) be the second derivative of k**3/3 - 2*k**2 + 17*k. Let z be ((2 - -1)*1)/1. What is v(z)?
2
Let y be (1/(-1) - 1) + 2. Let u = 0 + y. Let s(p) = -p**3 + p**2 + p - 2. Calculate s(u).
-2
Let h(z) = 4*z. Let n = 3 + 3. Let o(k) be the first derivative of k**4/4 - 7*k**3/3 + 7*k**2/2 - 5*k - 1. Let l be o(n). Determine h(l).
4
Let s(i) = i**2 - 5*i - 2. Let k = 5 - 1. Let n be s(k). Let f(j) be the second derivative of j**3/6 + j**2/2 + 5*j. What is f(n)?
-5
Let g(m) = m**3 + 6*m**2 - 5*m - 6. Let j(r) = -r**2 + r + 1. Let t(c) = g(c) + 3*j(c). Determine t(-4).
-11
Let r(g) = -g**3 + 5*g**2 - 4*g + 3. Let k be r(4). Suppose -k*l + 15 = 0, l - 12 = -2*t - 1. Let f(q) = 2*q**2 - 4*q. What is f(t)?
6
Let n = -68 - -66. Let t(x) = x**3 + 2*x**2 + 4*x + 2. Give t(n).
-6
Let l(n) = -2*n - 23. Let w(o) = o + 8. Let k(c) = 3*l(c) + 8*w(c). Give k(5).
5
Let h = -54 - -115/2. Let j(n) be the first derivative of 1 - 1/4*n**4 - 2*n**3 - h*n**2 + 0*n. Determine j(-5).
10
Let w be ((-2)/3)/(1/(-3)). Let m(f) = 1 - 2 + f + 3 - f**w. Let c be 0 + (-2 - -2)/(-2). Give m(c).
2
Let f(m) = m**2 - 2*m + 2. Let l be f(2). Let h(z) = 1 - 7 - l*z + 3. Let o(a) = a**3 - 6*a**2 - 8*a + 5. Let n be o(7). Calculate h(n).
1
Let y(m) be the second derivative of -m**5/60 - m**4/8 + m**3/3 + 7*m**2/2 - 8*m. Let k(u) be the first derivative of y(u). What is k(-3)?
2
Let s(j) = j**2 - 4*j + 4. Let i be s(3). Let g(q) = -2*q - 1 - i - q. Let p be g(-2). Let h(r) = r**2 - 4*r + 1. Calculate h(p).
1
Let b(c) = c**3 + 5*c**2 - 12*c + 11. Let x be b(-7). Suppose 0 = -4*d + d. Let o(s) = 1 + 2*s + 0*s**2 + d*s**3 + 4*s**2 + s**3. Give o(x).
4
Let y(z) = -z**3 - 7*z**2 - 7*z - 6. Let t be y(-6). Let o(p) = p**2 - 1. Let k be o(2). Let j(u) = 0*u**3 + u**2 + 4 - 3*u + u**k + 2*u. Give j(t).
4
Let y(z) = z**3 - 3*z**2 - z + 1. Suppose 26 = 2*b + 4*t, 2*t - 19 = 8*b - 11*b. Give y(b).
-2
Let o(u) = u**3 + u**2 - u - 1. Let r(c) = -7*c**3 - c**2 + c + 10. Let d(a) = -6*o(a) - r(a). What is d(3)?
-7
Let m(w) = 3*w - 3. Let n = -126 - -121. Calculate m(n).
-18
Suppose 2*q = -2*q - 16, -q - 4 = -3*p. Suppose -2*o + p*o = 2. Let v(n) be the second derivative of n**5/4 + n**3/3 + n**2/2 - 3*n. What is v(o)?
-6
Suppose 1 = 3*b - 2. Let n(m) = 0 + m**2 + m - m + b - 3*m. Give n(4).
5
Let k(i) = i - 6. Suppose -1 = -5*j + 14. Suppose j*y = 5*y. Calculate k(y).
-6
Let d be 3 + 1 + -1 + -1. Let x(b) = -d - b + 5*b - 5*b + 2*b**2 + b**3. What is x(-3)?
-8
Let l be 9/(-6) - 1/(-2). Let s(c) = 5*c**3 - 2*c**2 - 2*c - 1. Determine s(l).
-6
Let s(d) = 10*d + 16. Let x be 16 - (2 + -2)/1. Let r(p) = 2*p + 3. Let g(v) = x*r(v) - 3*s(v). Calculate g(1).
2
Suppose 5*s + 10 = -2*u - 3*u, 11 = -4*u - 3*s. Let q be (-1 + 0)*1*u. Suppose -q*f + 9 = -6. Let h(i) = -i**2 + 6*i - 3. Give h(f).
6
Let k(p) = p. Let y be k(4). Let f(v) be the first derivative of v**2/2 - 5*v + 14. Determine f(y).
-1
Suppose 0 = -5*o + 4*o + 2. Let x(n) = -n - 1. Let p be x(o). Let d be (4 - 0) + (p - -4). Let l(q) = 2*q + 1. What is l(d)?
11
Let p(d) = d**3 + 6 - 11*d + 8*d + 3*d + d**2. Give p(0).
6
Let k(x) = x**3 + 18*x**2 - 1. Let j be k(-18). Let o(m) = -7*m + 1. Give o(j).
8
Let w(z) = z. Let m(u) = 2*u - 4. Let l be m(6). Let v be (l/(-2))/(1/(-1)). What is w(v)?
4
Let h(c) = -7*c**3 - c**2. Suppose -3*k = -6*k. Suppose k*i - 2*f = -5*i + 13, 0 = -2*i - 3*f - 10. Determine h(i).
-8
Let v be 1*(2/(-2))/(-1). Let r(c) be the second derivative of c**5/12 - c**4/24 - c**2/2 - 2*c. Let p(o) be the first derivative of r(o). Give p(v).
4
Let i = -183 + 737/4. Let o(h) be the first derivative of -h**2 + i*h**4 - 1 + h + 0*h**3. What is o(1)?
4
Suppose 2*h - 29 = -5*u, -2*u + 7 = -3*h + 3. Let x(m) = -m**3 - m**2 - 2. What is x(h)?
-14
Suppose 3*d + 5 = 11. Let a(y) = 2*y + 5. Let m(s) = s. Let z(g) = d*a(g) - 6*m(g). Let l be z(7). Let r(w) = -w**3 - 4*w**2 + 2*w + 3. Determine r(l).
-5
Let j(x) = 3*x + 2 + 4*x + x**3 - 4*x. What is j(-2)?
-12
Let q(i) be the second derivative of i**5/20 - i**4/3 - 4*i**3/3 + 3*i**2 - 2*i. Determine q(5).
-9
Let n = -21 - -22. Let d(r) = -6*r**3. What is d(n)?
-6
Let v(l) be the second derivative of l**5/20 - 5*l**4/12 + l**3/6 + 2*l**2 - 30*l. Let u(o) = -o**3 + 4*o**2 + 6*o - 2. Let g be u(5). Give v(g).
-11
Let u(q) = q**2 + q + 2. Let h(v) = 2*v**2 + 2*v + 3. Let b(i) = -3*h(i) + 5*u(i). Let n = 1 - 0. Let r = -2 - n. What is b(r)?
-5
Let d(t) = t - 4. Let p be d(1). Let h(j) = 3 - j**2 - j**2 + j + j**2. What is h(p)?
-9
Suppose 3*x = 3 + 27. Suppose -6*p = -4*p + x. Let i(c) = c + 2. Let w be i(p). Let o(s) = -s**2 - s - 2. Calculate o(w).
-8
Let c(f) = -2*f**3 + 4*f**2 - f - 2. Let b be c(2). Let l(v) = v**2 + 5*v + 6. What is l(b)?
2
Suppose 0 = -12*m + 5*m - 14. Let d(c) = c**3 - 2*c - 2. What is d(m)?
-6
Let w(x) = x**2 + x + 2. Let o be (12/30)/(2/(-10)). Let r be -3*5/((-15)/o). Calculate w(r).
4
Let s = 125 - 123. Let i(t) = 1. Let w(o) = -o + 2. Let b(y) = -6*i(y) + 3*w(y). Calculate b(s).
-6
Let c(j) be the first derivative of -j**2/2 + 5*j - 9. Calculate c(5).
0
Suppose 0 = -3*q + 6*q. Suppose q*p = 2*p + 8. Let v = -5 - p. Let k(b) = 3*b - 1. What is k(v)?
-4
Suppose -d = -f - 4 - 3, 2*d - 20 = 4*f. Let p(o) = -3*o**2 - 1 - o + d*o**2 - 2 - 3*o. Suppose 4*v = 4, z - 25 = -3*z - 5*v. What is p(z)?
2
Suppose 4*j = 20 + 20. Let l(s) = -6*s + 14*s - j*s. Calculate l(-3).
6
Let a be 1/2 - 18/4. Let p(c) = c**2 + 16*c + 22. Let j be p(-15). Let r(s) = -s - 7. Let y(d) = -3*d - 20. Let f(l) = j*r(l) - 2*y(l). What is f(a)?
-5
Suppose 8*r - 3*r = -90. Let l = -17 - r. Let z(c) = -c**2 + 1. What is z(l)?
0
Let w(v) = v**3 + 4*v**2 + v - 3. Let z be w(-3). Let p be (z - 6) + (-2 - -1). Let q(g) = -g**3 - 3*g**2 + 5*g + 2. Calculate q(p).
-2
Let d(z) = z**3 - 4*z**2 + 3*z - 5. Let i = 12 - 21. Let g = -5 - i. What is d(g)?
7
Let r(w) = w**2 + 7*w + 15. Let s be r(-3). Let p(m) = -5*m. Calculate p(s).
-15
Let r(b) = 5*b - 2. Suppose 7 - 3 = v. Let a = -12 + 5. Let k(z) = 3*z - 1. Let w(l) = a*k(l) + v*r(l). Determine w(5).
-6
Let h(n) = -3*n**2 + 3 + 2 - 2*n - 3 + 4*n**2. Give h(4).
10
Let t(b) = -b**3 - 9*b**2 - 8*b + 4. Suppose -40 = 3*j + 2*j. Determine t(j).
4
Let p(g) = g**2 - 6*g + 3. Let s = 7 - 2. Suppose s*f + 13 = -2, 3*k = 4*f + 12. Suppose k + 6 = 3*z. What is p(z)?
-5
Let k(v) = -v**3 + v**2 - 6. Let j = -14 - -14. Calculate k(j).
-6
Let s(d) = d**2 + 13*d + 10. Let i be s(-11). Let l be (-1 + 13)*(-4)/i. Suppose 35 = l*v + 15. Let z(a) = a**2 - 6*a + 2. Calculate z(v).
-3
Let i(c) = c**2 + 2*c + 2. Let r be i(-2). Let x(o) be the first derivative of r + 4*o + 1/3*o**3 - 2*o**2. Determine x(5).
9
Let h(u) = u**3 + u**2 + 3*u**2 - 1 + 2*u**2 + 4*u. Suppose 2*f + 5 = -5. Let q be h(f). Let w(r) = -r**3 + 5*r**2 - 2*r + 1. 